the highest common factor of 123 and 972?
3
What is the highest common divisor of 161 and 28819?
161
Calculate the highest common factor of 810 and 4410.
90
Calculate the greatest common factor of 576 and 18.
18
Calculate the highest common factor of 50182 and 22.
22
What is the greatest common factor of 748 and 5508?
68
Calculate the greatest common divisor of 4335 and 15.
15
What is the greatest common divisor of 6758 and 872?
218
Calculate the greatest common factor of 434 and 589.
31
What is the greatest common factor of 3861 and 9?
9
What is the greatest common divisor of 296 and 8?
8
Calculate the greatest common factor of 22627 and 17.
17
Calculate the greatest common factor of 44 and 484.
44
Calculate the highest common divisor of 40 and 2400.
40
What is the highest common factor of 39044 and 172?
172
Calculate the highest common factor of 741 and 2470.
247
What is the highest common divisor of 34636 and 28?
28
What is the greatest common factor of 9694 and 524?
262
Calculate the highest common divisor of 26 and 2522.
26
What is the highest common factor of 74 and 703?
37
Calculate the greatest common divisor of 36 and 81.
9
Calculate the highest common divisor of 42 and 798.
42
Calculate the greatest common factor of 612 and 36.
36
What is the greatest common divisor of 7 and 5?
1
What is the greatest common factor of 30025 and 25?
25
What is the greatest common divisor of 270 and 2720?
10
What is the highest common factor of 552 and 5796?
276
Calculate the greatest common factor of 1530 and 85.
85
Calculate the highest common factor of 72 and 6480.
72
Calculate the greatest common divisor of 30 and 8910.
30
Calculate the greatest common factor of 1639 and 77.
11
Calculate the highest common factor of 100 and 350.
50
Calculate the highest common divisor of 576 and 960.
192
What is the greatest common factor of 252 and 156?
12
What is the highest common divisor of 117 and 513?
9
What is the greatest common factor of 7 and 1267?
7
Calculate the greatest common divisor of 250 and 900.
50
What is the highest common divisor of 17 and 22695?
17
Calculate the greatest common factor of 924 and 264.
132
What is the highest common divisor of 1060 and 60?
20
Calculate the highest common divisor of 186 and 2883.
93
Calculate the greatest common factor of 9 and 3969.
9
Calculate the highest common divisor of 715 and 13.
13
What is the highest common divisor of 2 and 14?
2
What is the greatest common factor of 250 and 80?
10
What is the highest common divisor of 166 and 5312?
166
What is the greatest common divisor of 5 and 1045?
5
What is the highest common factor of 240 and 2320?
80
Calculate the highest common divisor of 230 and 16974.
46
Calculate the highest common divisor of 4059 and 1881.
99
Calculate the highest common factor of 2130 and 60.
30
Calculate the greatest common factor of 205 and 5.
5
Calculate the greatest common divisor of 873 and 9.
9
Calculate the highest common divisor of 596 and 124.
4
What is the greatest common divisor of 324 and 36?
36
Calculate the greatest common divisor of 199 and 24875.
199
What is the highest common factor of 39 and 13?
13
What is the greatest common divisor of 22653 and 27?
27
What is the highest common factor of 221 and 299?
13
What is the greatest common factor of 23 and 253?
23
Calculate the highest common divisor of 34 and 850.
34
What is the greatest common divisor of 11 and 18403?
11
What is the highest common factor of 171 and 576?
9
What is the greatest common factor of 1414 and 14?
14
What is the highest common factor of 16 and 4768?
16
Calculate the highest common factor of 1242 and 126.
18
Calculate the highest common divisor of 135 and 45.
45
Calculate the greatest common factor of 19152 and 513.
171
Calculate the greatest common factor of 112 and 16.
16
Calculate the greatest common divisor of 108 and 108.
108
Calculate the greatest common factor of 26 and 286.
26
Calculate the highest common divisor of 196 and 441.
49
Calculate the greatest common divisor of 48 and 3.
3
Calculate the greatest common factor of 74 and 2.
2
Calculate the greatest common divisor of 34 and 5882.
34
What is the greatest common divisor of 810 and 3726?
162
Calculate the greatest common divisor of 404 and 5858.
202
What is the greatest common divisor of 8459 and 11?
11
What is the greatest common factor of 37 and 37?
37
What is the highest common factor of 2506 and 14?
14
Calculate the highest common divisor of 20 and 340.
20
Calculate the highest common factor of 4455 and 33.
33
Calculate the highest common divisor of 27 and 1566.
27
Calculate the greatest common divisor of 63 and 273.
21
Calculate the greatest common divisor of 25 and 125.
25
What is the greatest common divisor of 146 and 11?
1
Calculate the highest common divisor of 974 and 2.
2
What is the highest common divisor of 410 and 70?
10
Calculate the greatest common divisor of 1308 and 24.
12
Calculate the highest common factor of 129 and 3784.
43
Calculate the highest common divisor of 1372 and 126.
14
Calculate the highest common factor of 1 and 23.
1
Calculate the highest common factor of 1798 and 87.
29
What is the greatest common divisor of 352 and 1568?
32
What is the greatest common factor of 95 and 551?
19
What is the highest common divisor of 250 and 270?
10
Calculate the highest common divisor of 16664 and 8.
8
What is the greatest common factor of 689 and 1586?
13
Calculate the highest common divisor of 16016 and 1430.
286
What is the highest common divisor of 1088 and 448?
64
Calculate the highest common divisor of 66394 and 178.
178
Calculate the highest common factor of 217 and 1984.
31
What is the greatest common divisor of 405 and 615?
15
What is the greatest common factor of 24 and 12192?
24
Calculate the greatest common divisor of 7 and 141.
1
Calculate the highest common divisor of 775 and 50.
25
What is the greatest common divisor of 585 and 39?
39
What is the highest common divisor of 2134 and 8924?
194
What is the highest common factor of 949 and 73?
73
Calculate the greatest common factor of 297 and 81.
27
What is the greatest common divisor of 9 and 11601?
9
What is the highest common divisor of 2107 and 172?
43
Calculate the highest common factor of 21 and 33.
3
What is the greatest common factor of 531 and 72?
9
What is the greatest common divisor of 28 and 483?
7
What is the highest common factor of 17147 and 39?
13
Calculate the highest common factor of 2363 and 136.
17
What is the highest common divisor of 477 and 53?
53
What is the greatest common divisor of 11224 and 736?
184
Calculate the greatest common factor of 1073 and 37.
37
Calculate the greatest common factor of 108 and 4.
4
What is the greatest common divisor of 32 and 1?
1
What is the highest common divisor of 50 and 20?
10
What is the greatest common divisor of 3796 and 104?
52
What is the highest common divisor of 1036 and 42?
14
What is the highest common divisor of 161 and 133?
7
What is the greatest common divisor of 42 and 525?
21
What is the greatest common factor of 4107 and 74?
37
What is the greatest common divisor of 3222 and 179?
179
Calculate the greatest common factor of 595 and 1615.
85
What is the greatest common divisor of 3551 and 212?
53
Calculate the greatest common factor of 309 and 3193.
103
What is the greatest common factor of 39 and 6357?
39
What is the highest common divisor of 127 and 58801?
127
What is the greatest common divisor of 3120 and 195?
195
Calculate the highest common factor of 1248 and 6474.
78
Calculate the highest common factor of 9 and 4113.
9
What is the greatest common factor of 408 and 357?
51
What is the greatest common factor of 28800 and 192?
192
Calculate the greatest common factor of 282 and 3.
3
Calculate the highest common factor of 3420 and 720.
180
What is the highest common factor of 9434 and 890?
178
Calculate the highest common factor of 2431 and 286.
143
What is the highest common factor of 6 and 13056?
6
Calculate the highest common divisor of 637 and 13.
13
Calculate the greatest common factor of 8 and 6300.
4
Calculate the highest common factor of 192 and 64.
64
Calculate the greatest common divisor of 515 and 1339.
103
Calculate the highest common factor of 288 and 128.
32
What is the hi